e prime factors of 38458990.
2, 5, 23, 167213
List the prime factors of 33889125.
3, 5, 90371
What are the prime factors of 339456398?
2, 223, 761113
List the prime factors of 73462887.
3, 29, 67, 4201
What are the prime factors of 39973554?
2, 3, 53, 13967
What are the prime factors of 184192630?
2, 5, 29, 635147
List the prime factors of 166589167.
166589167
List the prime factors of 868579319.
19, 29, 359, 4391
List the prime factors of 158709318.
2, 3, 19, 47, 1559
List the prime factors of 277430813.
11, 3581, 7043
What are the prime factors of 60283729?
11, 1747, 3137
List the prime factors of 619857805.
5, 7, 19, 932117
List the prime factors of 624003177.
3, 7, 29714437
List the prime factors of 879031273.
23, 38218751
What are the prime factors of 460436632?
2, 23, 2502373
List the prime factors of 160137309.
3, 53379103
List the prime factors of 2449379627.
2449379627
List the prime factors of 170656642.
2, 13, 17, 23, 16787
What are the prime factors of 880268819?
880268819
List the prime factors of 307494406.
2, 23, 2087, 3203
List the prime factors of 1170943585.
5, 7, 29, 1153639
What are the prime factors of 1805189415?
3, 5, 523, 230107
What are the prime factors of 66179300?
2, 5, 11, 17, 3539
List the prime factors of 2193875242.
2, 13, 19, 4441043
What are the prime factors of 319269232?
2, 197, 199, 509
What are the prime factors of 21340272?
2, 3, 444589
What are the prime factors of 80218065?
3, 5, 751, 7121
What are the prime factors of 37210943?
7, 11, 17, 31, 131
What are the prime factors of 85490751?
3, 43, 662719
List the prime factors of 40062456.
2, 3, 7, 29, 2741
What are the prime factors of 117827204?
2, 11, 17, 157523
List the prime factors of 2454804.
2, 3, 11, 6199
List the prime factors of 258033611.
11, 73, 383, 839
List the prime factors of 1067320728.
2, 3, 1021, 14519
What are the prime factors of 499174580?
2, 5, 2029, 12301
What are the prime factors of 44472954?
2, 3, 7412159
List the prime factors of 28495088.
2, 1780943
List the prime factors of 3023156670.
2, 3, 5, 100771889
What are the prime factors of 165002934?
2, 3, 4643, 5923
What are the prime factors of 2298068201?
11, 13, 16070407
What are the prime factors of 129783437?
7, 18540491
What are the prime factors of 1127815088?
2, 17, 4146379
List the prime factors of 2348915391.
3, 12107, 21557
List the prime factors of 393221499.
3, 11, 211, 56473
What are the prime factors of 1025425409?
31, 83, 137, 2909
What are the prime factors of 48511391?
48511391
List the prime factors of 11389143.
3, 1229, 3089
List the prime factors of 513529036.
2, 19, 6756961
List the prime factors of 70212008.
2, 23, 41, 227
List the prime factors of 1530573301.
10139, 150959
What are the prime factors of 50375653?
433, 116341
List the prime factors of 5897608025.
5, 43, 5486147
What are the prime factors of 111200452?
2, 11, 229753
List the prime factors of 58138114.
2, 97, 299681
List the prime factors of 2675381167.
29, 131, 704233
What are the prime factors of 22361601?
3, 53, 140639
What are the prime factors of 40216133?
40216133
What are the prime factors of 32453582?
2, 7, 331159
What are the prime factors of 206075486?
2, 103037743
List the prime factors of 29074015.
5, 5814803
List the prime factors of 289375969.
631, 458599
List the prime factors of 22450440.
2, 3, 5, 61, 3067
List the prime factors of 9919698.
2, 3, 61, 27103
What are the prime factors of 3188986?
2, 1237, 1289
List the prime factors of 1250316312.
2, 3, 7, 1459, 5101
What are the prime factors of 2258209417?
307, 2389, 3079
What are the prime factors of 5806091?
1607, 3613
What are the prime factors of 70190942?
2, 67, 83, 6311
What are the prime factors of 1617037580?
2, 5, 449, 180071
List the prime factors of 886349714.
2, 443174857
List the prime factors of 326116944.
2, 3, 1487, 1523
List the prime factors of 20213649.
3, 2245961
List the prime factors of 173385425.
5, 467, 14851
What are the prime factors of 234276742?
2, 7, 2390579
What are the prime factors of 195147846?
2, 3, 43, 229, 367
List the prime factors of 1565216.
2, 41, 1193
What are the prime factors of 134747797?
17, 173, 45817
List the prime factors of 748113624.
2, 3, 3463489
What are the prime factors of 3645446085?
3, 5, 17, 31, 153719
List the prime factors of 497018489.
11, 2791, 16189
What are the prime factors of 3536578969?
7, 11, 17, 23, 97, 173
List the prime factors of 497839675.
5, 251, 79337
What are the prime factors of 576455228?
2, 144113807
List the prime factors of 23619309.
3, 7, 67, 16787
List the prime factors of 3485057303.
7, 13, 73, 107, 4903
What are the prime factors of 362564844?
2, 3, 29, 1041853
What are the prime factors of 201533458?
2, 7, 14395247
List the prime factors of 108196013.
19, 29, 179, 1097
List the prime factors of 29708098.
2, 7, 43, 61, 809
List the prime factors of 81200526.
2, 3, 11, 1230311
List the prime factors of 73817327.
23, 3209449
List the prime factors of 326131407.
3, 7, 246509
List the prime factors of 52351453.
7, 11, 97127
What are the prime factors of 279016940?
2, 5, 79, 137, 1289
What are the prime factors of 1419054205?
5, 283810841
List the prime factors of 703394227.
17, 2609, 15859
List the prime factors of 5739026595.
3, 5, 382601773
List the prime factors of 2526413568.
2, 3, 7, 269, 1747
List the prime factors of 7420985.
5, 11, 13, 97, 107
What are the prime factors of 31545169?
541, 58309
List the prime factors of 576821388.
2, 3, 11, 13, 336143
What are the prime factors of 37506296?
2, 4688287
What are the prime factors of 157521722?
2, 47, 1675763
What are the prime factors of 351165478?
2, 73, 2405243
What are the prime factors of 4333198999?
4333198999
What are the prime factors of 91303972?
2, 22825993
List the prime factors of 228681268.
2, 83, 688799
List the prime factors of 1119850173.
3, 13, 9571369
What are the prime factors of 188368?
2, 61, 193
What are the prime factors of 67942320?
2, 3, 5, 283093
List the prime factors of 46621425.
3, 5, 621619
What are the prime factors of 12148640?
2, 5, 7, 10847
What are the prime factors of 192121346?
2, 23, 29, 59, 2441
List the prime factors of 474146882.
2, 11, 21552131
List the prime factors of 389549234.
2, 11821, 16477
What are the prime factors of 412081677?
3, 7, 29, 283, 797
What are the prime factors of 1833036243?
3, 11789, 51829
What are the prime factors of 23920573?
859, 27847
What are the prime factors of 1106434063?
7, 73, 283, 1093
What are the prime factors of 1063526902?
2, 17, 31280203
List the prime factors of 463665761.
13, 41, 293, 2969
List the prime factors of 163591310.
2, 5, 613, 26687
What are the prime factors of 592075071?
3, 7, 1637, 5741
What are the prime factors of 1948374967?
7, 11, 25303571
What are the prime factors of 113228231?
113228231
What are the prime factors of 13423385?
5, 59, 45503
What are the prime factors of 103003332?
2, 3, 19, 83, 5443
What are the prime factors of 165966103?
167, 727, 1367
List the prime factors of 2199433097.
2199433097
What are the prime factors of 2713808950?
2, 5, 19, 1567, 1823
What are the prime factors of 73813898?
2, 17, 19, 163, 701
What are the prime factors of 1777026302?
2, 263, 3378377
What are the prime factors of 282659195?
5, 7, 13, 88747
What are the prime factors of 1217622246?
2, 3, 17, 29, 411637
List the prime factors of 219145720.
2, 5, 5478643
List the prime factors of 762751248.
2, 3, 7, 324299
List the prime factors of 289126468.
2, 23, 89, 35311
List the prime factors of 2751530769.
3, 13, 223, 35153
What are the prime factors of 82870102?
2, 7, 41, 59, 2447
List the prime factors of 47931553.
173, 461, 601
List the prime factors of 19183447.
1789, 10723
List the prime factors of 45306524.
2, 1201, 9431
List the prime factors of 1783463777.
109, 431, 37963
List the prime factors of 400862959.
7, 137, 167, 2503
List the prime factors of 192981388.
2, 5441, 8867
List the prime factors of 960872490.
2, 3, 5, 1123, 3169
List the prime factors of 2520873387.
3, 93365681
List the prime factors of 75640545.
3, 5, 1680901
What are the prime factors of 400667050?
2, 5, 7, 17, 67339
List the prime factors of 73319217.
3, 3167, 7717
List the prime factors of 52292826.
2, 3, 19, 107, 1429
List the